?
True
Is 12049 composite?
False
Is 7061 prime?
False
Is 18895 prime?
False
Is 83 a composite number?
False
Is 16873 a prime number?
False
Is 20343 prime?
False
Is 8251 a composite number?
True
Is 266477 a composite number?
False
Is 228667 a prime number?
False
Is 22163 a prime number?
False
Is 8923 a composite number?
False
Is 32173 composite?
False
Is 3079 a prime number?
True
Is 107897 composite?
False
Is 415199 composite?
True
Is 34403 composite?
False
Is 500515 composite?
True
Is 511337 a composite number?
False
Is 1003 a composite number?
True
Is 7509 prime?
False
Is 37811 prime?
True
Is 192737 a prime number?
True
Is 25642 prime?
False
Is 165551 a prime number?
True
Is 120643 prime?
False
Is 69283 a composite number?
True
Is 27997 a prime number?
True
Is 1593479 a composite number?
True
Is 4327 a composite number?
False
Is 14881 prime?
False
Is 15833 composite?
True
Is 8335 a composite number?
True
Is 68351 a prime number?
True
Is 6937 a composite number?
True
Is 23906 prime?
False
Is 7418 prime?
False
Is 855989 composite?
False
Is 38957 prime?
False
Is 117617 a composite number?
False
Is 14401 a composite number?
False
Is 30757 a prime number?
True
Is 141257 a composite number?
False
Is 34019 a composite number?
False
Is 6259 a composite number?
True
Is 1147 a prime number?
False
Is 250609 prime?
False
Is 53693 composite?
False
Is 16349 prime?
True
Is 558633 prime?
False
Is 90203 composite?
False
Is 631613 prime?
True
Is 9967 a composite number?
False
Is 538355 a composite number?
True
Is 93307 a composite number?
False
Is 153191 a prime number?
True
Is 59131 a prime number?
False
Is 113891 a prime number?
True
Is 216641 prime?
True
Is 327463 prime?
True
Is 31469 a composite number?
False
Is 4057751 a prime number?
False
Is 73417 composite?
False
Is 19139 a prime number?
True
Is 1895 a composite number?
True
Is 2149 a composite number?
True
Is 203473 a prime number?
False
Is 2167519 prime?
True
Is 900958 composite?
True
Is 207403 prime?
False
Is 4413 a prime number?
False
Is 238523 prime?
False
Is 23369 a composite number?
False
Is 22303 composite?
False
Is 25097 composite?
False
Is 356077 composite?
False
Is 300851 composite?
False
Is 116719 a composite number?
False
Is 6207 a prime number?
False
Is 117947 composite?
True
Is 164153 prime?
False
Is 66399 prime?
False
Is 82601 a prime number?
True
Is 163 a prime number?
True
Is 6469 composite?
False
Is 488453 prime?
False
Is 3328597 a composite number?
False
Is 79003 a prime number?
False
Is 201547 a prime number?
True
Is 4269 composite?
True
Is 27179 a composite number?
False
Is 8581 a composite number?
False
Is 53249 a prime number?
False
Is 453019 prime?
False
Is 11369 composite?
False
Is 35963 composite?
False
Is 3012461 prime?
True
Is 415281 composite?
True
Is 304597 composite?
False
Is 220693 a composite number?
True
Is 338483 prime?
False
Is 18013 prime?
True
Is 980041 a composite number?
True
Is 863 a prime number?
True
Is 30437 a prime number?
False
Is 35273 composite?
True
Is 434661 prime?
False
Is 1727 a prime number?
False
Is 3787 a prime number?
False
Is 47417 composite?
False
Is 985937 prime?
True
Is 511267 composite?
True
Is 222521 prime?
False
Is 14867 a prime number?
True
Is 967 a composite number?
False
Is 105097 prime?
True
Is 946277 a prime number?
False
Is 82549 prime?
True
Is 15091 composite?
False
Is 9383 a prime number?
False
Is 82939 composite?
False
Is 8009 composite?
False
Is 93007 a composite number?
True
Is 13001 prime?
True
Is 10911 composite?
True
Is 134267 prime?
False
Is 1282569 composite?
True
Is 8923 a composite number?
False
Is 1624379 a composite number?
True
Is 32467 prime?
True
Is 2872523 prime?
True
Is 12011 composite?
False
Is 46889 a prime number?
True
Is 25733 prime?
True
Is 346589 a composite number?
False
Is 9337 a prime number?
True
Is 6547 a composite number?
False
Is 35537 a prime number?
True
Is 32831 prime?
True
Is 588935 composite?
True
Is 43219 a composite number?
True
Is 62269 composite?
True
Is 1471 a composite number?
False
Is 78095 a composite number?
True
Is 8223 composite?
True
Is 186365 composite?
True
Is 12185 composite?
True
Is 103 a prime number?
True
Is 27539 a prime number?
True
Is 3521643 prime?
False
Is 44095 a composite number?
True
Is 30782 prime?
False
Is 1643687 a prime number?
True
Is 77153 composite?
False
Is 179989 prime?
True
Is 4201 prime?
True
Is 6197 composite?
False
Is 793369 a composite number?
True
Is 746341 prime?
False
Is 6999 prime?
False
Is 29657 a prime number?
False
Is 374521 a composite number?
True
Is 304649 prime?
False
Is 4308653 prime?
True
Is 30062 prime?
False
Is 28759 prime?
True
Is 767 prime?
False
Is 985 prime?
False
Is 44263 prime?
True
Is 94759 a prime number?
False
Is 629329 prime?
False
Is 67957 a composite number?
False
Is 7135 a composite number?
True
Is 40346 prime?
False
Is 7681 composite?
False
Is 23719 composite?
False
Is 119065 a prime number?
False
Is 4073 prime?
True
Is 27329 a composite number?
False
Is 124699 a composite number?
False
Is 142837 composite?
False
Is 53917 composite?
False
Is 60859 a composite number?
False
Is 31679 a prime number?
False
Is 979481 a composite number?
False
Is 6373 prime?
True
Is 17893 a prime number?
False
Is 3583739 a composite number?
False
Is 331 a prime number?
True
Is 57073 prime?
True
Is 3323 a composite number?
False
Is 147439 composite?
True
Is 595003 composite?
False
Is 306619 composite?
True
Is 15685 a prime number?
False
Is 61283 a prime number?
True
Is 115519 prime?
False
Is 1397 prime?
False
Is 286031 composite?
True
Is 671453 a composite number?
True
Is 10147 prime?
False
Is 811171 a prime number?
True
Is 10145 a prime number?
False
Is 65519 a prime number?
True
Is 321631 a composite number?
False
Is 703459 composite?
False
Is 24151 composite?
False
Is 186629 a prime number?
True
Is 213119 a composite number?
False
Is 1105517 a prime number?
False
Is 15479 prime?
False
Is 102121 a prime number?
True
Is 42191 prime?
False
Is 18623 a prime number?
False
Is 40457 composite?
True
Is 95597 a composite number?
False
Is 152597 a composite number?
False
Is 92507 a prime number?
True
Is 72533 a prime number?
True
Is 402679 composite?
True
Is 18457 prime?
True
Is 3022 a prime number?
False
Is 37574 a composite number?
True
Is 8101 a composite number?
False
Is 6469 a composite number?
False
Is 563649 prime?
False
Is 276671 a prime number?
True
Is 142261 prime?
False
Is 46783 a composite number?
True
Is 3229 prime?
True
Is 16613 a composite number?
True
Is 64819 a prime number?
False
Is 9257 a prime number?
True
Is 24443 prime?
True
Is 3226285 a prime number?
False
Is 7909 prime?
False
Is 54401 composite?
False
Is 226937 a prime number?
True
Is 65921 a prime number?
True
Is 32729 prime?
False
Is 46619 composite?
False
Is 62357 prime?
False
Is 100509 a composite number?
True
Is 1126 prime?
False
Is 568751 a composite number?
False
Is 1142059 a composite number?
False
Is 96891 a prime number?
False
Is 534269 prime?
False
Is 38989 a prime number?
False
Is 22141 composite?
True
Is 177442 a composite number?
True
Is 342989 a prime number?
True
Is 3491843 prime?
True
Is 798335 prime?
False
Is 420085 composite?
True
Is 23897 a composite number?
True
Is 2545315 composite?
True
Is 7593 a composite number?
True
Is 274271 composite?
False
Is 1437 a composite number?
True
Is 41645 a composite number?
True
Is 5269 a prime number?
False
Is 515 a prime number?
False
Is 11969 a prime number?
True
Is 8197 prime?
False
Is 4127 prime?
True
Is 6257 a composite number?
False
Is 44047 a prime number?
False
Is 119519 a composite number?
True
Is 151729 a composite number?
False
Is 786953 a composite number?
True
Is 603221 composite?
True
Is 1929 composite?
True
Is 63851 a composite number?
True
Is 259661 composite?
True
Is 3711 composite?
True
Is 90047 prime?
False
Is 8051 a composite number?
True
Is 212258 prime?
False
Is 2743 composite?
True
Is 43922 composite?
True
Is 2319 composite?
True
Is 47627 prime?
False
Is 474619 composite?
False
Is 95393 composite?
False
Is 10681 a composite number?
True
Is 2427 prime?
False
Is 10307 prime?
False
Is 6887 a prime number?
False
Is 1423 composite?
False
Is 4387 prime?
False
Is 6761 a prime number?
True
Is 2746091 a prime n